
8
What is the hundreds digit of 24454?
4
What is the hundreds digit of 154111?
1
What is the units digit of 27107?
7
What is the ten thousands digit of 58702?
5
What is the units digit of 1089?
9
What is the tens digit of 7322?
2
What is the tens digit of 5285?
8
What is the thousands digit of 8208?
8
What is the hundreds digit of 717?
7
What is the tens digit of 59?
5
What is the thousands digit of 4145?
4
What is the units digit of 950?
0
What is the hundreds digit of 20020?
0
What is the hundreds digit of 720?
7
What is the hundreds digit of 76170?
1
What is the units digit of 2961?
1
What is the units digit of 9420?
0
What is the tens digit of 1103?
0
What is the ten thousands digit of 35582?
3
What is the tens digit of 16432?
3
What is the hundreds digit of 35516?
5
What is the hundreds digit of 30359?
3
What is the hundreds digit of 1962?
9
What is the thousands digit of 22565?
2
What is the thousands digit of 35445?
5
What is the tens digit of 31918?
1
What is the thousands digit of 6465?
6
What is the hundreds digit of 520?
5
What is the thousands digit of 1095?
1
What is the hundreds digit of 8147?
1
What is the hundreds digit of 2063?
0
What is the tens digit of 371?
7
What is the units digit of 18716?
6
What is the ten thousands digit of 54960?
5
What is the tens digit of 238?
3
What is the thousands digit of 2558?
2
What is the ten thousands digit of 122563?
2
What is the thousands digit of 2952?
2
What is the units digit of 854?
4
What is the hundreds digit of 69580?
5
What is the hundreds digit of 2093?
0
What is the hundreds digit of 10770?
7
What is the tens digit of 36357?
5
What is the units digit of 3123?
3
What is the ten thousands digit of 74532?
7
What is the thousands digit of 17269?
7
What is the hundreds digit of 109585?
5
What is the units digit of 3120?
0
What is the tens digit of 82710?
1
What is the hundreds digit of 126143?
1
What is the hundreds digit of 1544?
5
What is the thousands digit of 3903?
3
What is the units digit of 1046?
6
What is the tens digit of 5112?
1
What is the tens digit of 745?
4
What is the tens digit of 68134?
3
What is the hundreds digit of 3141?
1
What is the tens digit of 1657?
5
What is the tens digit of 2527?
2
What is the thousands digit of 3423?
3
What is the units digit of 1400?
0
What is the units digit of 781?
1
What is the units digit of 2539?
9
What is the tens digit of 317?
1
What is the tens digit of 400?
0
What is the hundreds digit of 10530?
5
What is the hundreds digit of 543?
5
What is the hundreds digit of 21645?
6
What is the units digit of 2325?
5
What is the hundred thousands digit of 158989?
1
What is the hundreds digit of 1696?
6
What is the thousands digit of 9717?
9
What is the units digit of 1055?
5
What is the units digit of 31173?
3
What is the units digit of 2385?
5
What is the tens digit of 72805?
0
What is the thousands digit of 1395?
1
What is the units digit of 1911?
1
What is the hundred thousands digit of 195672?
1
What is the ten thousands digit of 31304?
3
What is the hundreds digit of 17729?
7
What is the thousands digit of 5830?
5
What is the units digit of 602?
2
What is the thousands digit of 15056?
5
What is the units digit of 20391?
1
What is the hundreds digit of 34370?
3
What is the tens digit of 424?
2
What is the thousands digit of 8282?
8
What is the tens digit of 1954?
5
What is the tens digit of 15371?
7
What is the units digit of 26808?
8
What is the units digit of 946?
6
What is the units digit of 1641?
1
What is the thousands digit of 83476?
3
What is the thousands digit of 1644?
1
What is the ten thousands digit of 25431?
2
What is the tens digit of 97857?
5
What is the hundreds digit of 7658?
6
What is the units digit of 5125?
5
What is the hundreds digit of 24347?
3
What is the units digit of 6072?
2
What is the hundreds digit of 150765?
7
What is the hundreds digit of 14297?
2
What is the hundreds digit of 2333?
3
What is the tens digit of 7789?
8
What is the tens digit of 4631?
3
What is the tens digit of 30146?
4
What is the tens digit of 143475?
7
What is the tens digit of 3121?
2
What is the units digit of 886?
6
What is the ten thousands digit of 85757?
8
What is the units digit of 649?
9
What is the hundreds digit of 45449?
4
What is the units digit of 1165?
5
What is the tens digit of 5164?
6
What is the thousands digit of 102810?
2
What is the tens digit of 17240?
4
What is the tens digit of 1983?
8
What is the hundreds digit of 892?
8
What is the tens digit of 56547?
4
What is the units digit of 15589?
9
What is the thousands digit of 16022?
6
What is the hundreds digit of 23433?
4
What is the units digit of 5108?
8
What is the tens digit of 164062?
6
What is the hundreds digit of 1180?
1
What is the hundreds digit of 1271?
2
What is the tens digit of 809?
0
What is the thousands digit of 1227?
1
What is the ten thousands digit of 49695?
4
What is the thousands digit of 65871?
5
What is the tens digit of 469?
6
What is the tens digit of 71123?
2
What is the units digit of 5952?
2
What is the ten thousands digit of 26347?
2
What is the hundreds digit of 1135?
1
What is the tens digit of 77744?
4
What is the ten thousands digit of 32771?
3
What is the units digit of 1299?
9
What is the thousands digit of 1641?
1
What is the hundreds digit of 527?
5
What is the thousands digit of 7488?
7
What is the tens digit of 238?
3
What is the hundreds digit of 1114?
1
What is the units digit of 49?
9
What is the thousands digit of 16185?
6
What is the tens digit of 145?
4
What is the thousands digit of 1739?
1
What is the units digit of 1150?
0
What is the tens digit of 26710?
1
What is the units digit of 94152?
2
What is the ten thousands digit of 10691?
1
What is the hundreds digit of 51324?
3
What is the ten thousands digit of 87217?
8
What is the units digit of 17689?
9
What is the tens digit of 24?
2
What is the tens digit of 760?
6
What is the thousands digit of 7238?
7
What is the units digit of 24586?
6
What is the hundreds digit of 570?
5
What is the thousands digit of 113007?
3
What is the hundreds digit of 1755?
7
What is the hundreds digit of 9335?
3
What is the hundreds digit of 15017?
0
What is the hundreds digit of 7698?
6
What is the tens digit of 887?
8
What is the tens digit of 15911?
1
What is the tens digit of 36137?
3
What is the units digit of 23465?
5
What is the units digit of 601?
1
What is the tens digit of 6176?
7
What is the thousands digit of 4252?
4
What is the thousands digit of 5224?
5
What is the thousands digit of 1018?
1
What is the hundreds digit of 2965?
9
What is the ten thousands digit of 16732?
1
What is the hundreds digit of 5191?
1
What is the thousands digit of 4487?
4
What is the hundreds digit of 35918?
9
What is the hundreds digit of 5064?
0
What is the tens digit of 131554?
5
What is the tens digit of 38264?
6
What is the hundreds digit of 66443?
4
What is the units digit of 957?
7
What is the units digit of 1269?
9
What is the tens digit of 1071?
7
What is the tens digit of 55388?
8
What is the tens digit of 1166?
6
What is the hundreds digit of 3683?
6
What is the hundreds digit of 1272?
2
What is the thousands digit of 7291?
7
What is the tens digit of 73533?
3
What is the units digit of 527?
7
What is the units digit of 8976?
6
What is the units digit of 2177?
7
What is the hundreds digit of 851?
8
What is the ten thousands digit of 66708?
6
What is the units digit of 269?
9
What is the hundreds digit of 26349?
3
What is the thousands digit of 71099?
1
What is the hundreds digit of 4653?
6
What is the units digit of 14123?
3
What is the thousands digit of 6437?
6
What is the hundreds digit of 74378?
3
What is the units digit of 53109?
9
What is the tens digit of 1449?
4
What is the tens digit of 87303?
0
What is the units digit of 681?
1
What is the hundreds digit of 4981?
9
What is the units digit of 16986?
6
What is the thousands digit of 1015?
1
What is the thousands digit of 25713?
5
What is the tens digit of 16042?
4
What is the units digit of 32895?
5
What is the hundreds digit of 54286?
2
What is the tens digit of 69704?
0
What is the tens digit of 913?
1
What is the tens digit of 2337?
3
What is the hundreds digit of 19648?
6
What is the hundreds digit of 945?
9
What is the 